{"id":237,"date":"2021-02-16T20:57:47","date_gmt":"2021-02-16T17:57:47","guid":{"rendered":"http:\/\/shoplinila.com\/?page_id=237"},"modified":"2024-10-01T18:18:55","modified_gmt":"2024-10-01T15:18:55","slug":"kontaktai","status":"publish","type":"page","link":"https:\/\/shoplinila.com\/?page_id=237","title":{"rendered":"KONTAKTAI"},"content":{"rendered":"\n<p class=\"has-black-color has-text-color has-normal-font-size\"><\/p>\n\n\n\n<figure class=\"wp-block-table\"><table><tbody><tr><td><br>\u012emon\u0117s kodas<\/td><td>302599701<\/td><\/tr><tr><td>UAB&#8221;Linila&#8221;<\/td><td>PVM mok\u0117tojo kodas<\/td><td>LT100005982810<\/td><\/tr><tr><td><a href=\"https:\/\/www.swedbank.lt\/private?language=LIT\"><img decoding=\"async\" src=\"https:\/\/www.swedbank.lt\/webjars\/webcomponents\/2.37.4\/assets\/images\/swedbank-logo.svg\" alt=\"Swedbank logo\"><\/a><\/td><td>LT527300010126118035<\/td><td><\/td><\/tr><tr><td><\/td><td>Adresas<\/td><td> <strong><br>Prie\u0161au\u0161rio g. 32<br>Palanga 00104<\/strong><br>LITHUANIA<\/td><\/tr><tr><td><\/td><td>Mobilus telefonas<\/td><td> +37060039370<\/td><\/tr><tr><td><\/td><td>El. pa\u0161to adresas<\/td><td>shoplinila@gmail.com<a href=\"javascript:void(null);\"> <\/a><\/td><\/tr><tr><td><\/td><td><\/td><td><\/td><\/tr><tr><td><\/td><td>SD draud\u0117jo kodas<\/td><td>2096112<\/td><\/tr><\/tbody><\/table><\/figure>\n","protected":false},"excerpt":{"rendered":"<p>\u012emon\u0117s kodas 302599701 UAB&#8221;Linila&#8221; PVM mok\u0117tojo kodas LT100005982810 LT527300010126118035 Adresas Prie\u0161au\u0161rio g. 32Palanga 00104LITHUANIA Mobilus telefonas +37060039370 El. pa\u0161to adresas shoplinila@gmail.com SD draud\u0117jo kodas 2096112<\/p>\n","protected":false},"author":1,"featured_media":0,"parent":0,"menu_order":0,"comment_status":"closed","ping_status":"closed","template":"","meta":{"footnotes":""},"class_list":["post-237","page","type-page","status-publish","hentry"],"yoast_head":"<!-- This site is optimized with the Yoast SEO plugin v27.5 - https:\/\/yoast.com\/product\/yoast-seo-wordpress\/ -->\n<title>KONTAKTAI - SHOPLINILA<\/title>\n<meta name=\"robots\" content=\"index, follow, max-snippet:-1, max-image-preview:large, max-video-preview:-1\" \/>\n<link rel=\"canonical\" href=\"https:\/\/shoplinila.com\/?page_id=237\" \/>\n<meta property=\"og:locale\" content=\"lt_LT\" \/>\n<meta property=\"og:type\" content=\"article\" \/>\n<meta property=\"og:title\" content=\"KONTAKTAI - SHOPLINILA\" \/>\n<meta property=\"og:description\" content=\"\u012emon\u0117s kodas 302599701 UAB&#8221;Linila&#8221; PVM mok\u0117tojo kodas LT100005982810 LT527300010126118035 Adresas Prie\u0161au\u0161rio g. 32Palanga 00104LITHUANIA Mobilus telefonas +37060039370 El. pa\u0161to adresas shoplinila@gmail.com SD draud\u0117jo kodas 2096112\" \/>\n<meta property=\"og:url\" content=\"https:\/\/shoplinila.com\/?page_id=237\" \/>\n<meta property=\"og:site_name\" content=\"SHOPLINILA\" \/>\n<meta property=\"article:modified_time\" content=\"2024-10-01T15:18:55+00:00\" \/>\n<meta property=\"og:image\" content=\"https:\/\/www.swedbank.lt\/webjars\/webcomponents\/2.37.4\/assets\/images\/swedbank-logo.svg\" \/>\n<meta name=\"twitter:card\" content=\"summary_large_image\" \/>\n<meta name=\"twitter:label1\" content=\"Est. reading time\" \/>\n\t<meta name=\"twitter:data1\" content=\"1 minut\u0117\" \/>\n<script type=\"application\/ld+json\" class=\"yoast-schema-graph\">{\"@context\":\"https:\\\/\\\/schema.org\",\"@graph\":[{\"@type\":\"WebPage\",\"@id\":\"https:\\\/\\\/shoplinila.com\\\/?page_id=237\",\"url\":\"https:\\\/\\\/shoplinila.com\\\/?page_id=237\",\"name\":\"KONTAKTAI - SHOPLINILA\",\"isPartOf\":{\"@id\":\"https:\\\/\\\/shoplinila.com\\\/#website\"},\"primaryImageOfPage\":{\"@id\":\"https:\\\/\\\/shoplinila.com\\\/?page_id=237#primaryimage\"},\"image\":{\"@id\":\"https:\\\/\\\/shoplinila.com\\\/?page_id=237#primaryimage\"},\"thumbnailUrl\":\"https:\\\/\\\/www.swedbank.lt\\\/webjars\\\/webcomponents\\\/2.37.4\\\/assets\\\/images\\\/swedbank-logo.svg\",\"datePublished\":\"2021-02-16T17:57:47+00:00\",\"dateModified\":\"2024-10-01T15:18:55+00:00\",\"breadcrumb\":{\"@id\":\"https:\\\/\\\/shoplinila.com\\\/?page_id=237#breadcrumb\"},\"inLanguage\":\"lt-LT\",\"potentialAction\":[{\"@type\":\"ReadAction\",\"target\":[\"https:\\\/\\\/shoplinila.com\\\/?page_id=237\"]}]},{\"@type\":\"ImageObject\",\"inLanguage\":\"lt-LT\",\"@id\":\"https:\\\/\\\/shoplinila.com\\\/?page_id=237#primaryimage\",\"url\":\"https:\\\/\\\/www.swedbank.lt\\\/webjars\\\/webcomponents\\\/2.37.4\\\/assets\\\/images\\\/swedbank-logo.svg\",\"contentUrl\":\"https:\\\/\\\/www.swedbank.lt\\\/webjars\\\/webcomponents\\\/2.37.4\\\/assets\\\/images\\\/swedbank-logo.svg\"},{\"@type\":\"BreadcrumbList\",\"@id\":\"https:\\\/\\\/shoplinila.com\\\/?page_id=237#breadcrumb\",\"itemListElement\":[{\"@type\":\"ListItem\",\"position\":1,\"name\":\"\u0413\u043b\u0430\u0432\u043d\u0430\u044f \u0441\u0442\u0440\u0430\u043d\u0438\u0446\u0430\",\"item\":\"https:\\\/\\\/shoplinila.com\\\/\"},{\"@type\":\"ListItem\",\"position\":2,\"name\":\"KONTAKTAI\"}]},{\"@type\":\"WebSite\",\"@id\":\"https:\\\/\\\/shoplinila.com\\\/#website\",\"url\":\"https:\\\/\\\/shoplinila.com\\\/\",\"name\":\"SHOPLINILA\",\"description\":\"Made in Italy...Made in France...Made in Lithuania\",\"publisher\":{\"@id\":\"https:\\\/\\\/shoplinila.com\\\/#organization\"},\"potentialAction\":[{\"@type\":\"SearchAction\",\"target\":{\"@type\":\"EntryPoint\",\"urlTemplate\":\"https:\\\/\\\/shoplinila.com\\\/?s={search_term_string}\"},\"query-input\":{\"@type\":\"PropertyValueSpecification\",\"valueRequired\":true,\"valueName\":\"search_term_string\"}}],\"inLanguage\":\"lt-LT\"},{\"@type\":\"Organization\",\"@id\":\"https:\\\/\\\/shoplinila.com\\\/#organization\",\"name\":\"SHOPLINILA\",\"url\":\"https:\\\/\\\/shoplinila.com\\\/\",\"logo\":{\"@type\":\"ImageObject\",\"inLanguage\":\"lt-LT\",\"@id\":\"https:\\\/\\\/shoplinila.com\\\/#\\\/schema\\\/logo\\\/image\\\/\",\"url\":\"https:\\\/\\\/shoplinila.com\\\/wp-content\\\/uploads\\\/2021\\\/04\\\/cropped-\u0411\u0435\u0437\u044b\u043c\u044f\u043d\u043d\u044b\u0439-2.png\",\"contentUrl\":\"https:\\\/\\\/shoplinila.com\\\/wp-content\\\/uploads\\\/2021\\\/04\\\/cropped-\u0411\u0435\u0437\u044b\u043c\u044f\u043d\u043d\u044b\u0439-2.png\",\"width\":240,\"height\":184,\"caption\":\"SHOPLINILA\"},\"image\":{\"@id\":\"https:\\\/\\\/shoplinila.com\\\/#\\\/schema\\\/logo\\\/image\\\/\"}}]}<\/script>\n<!-- \/ Yoast SEO plugin. -->","yoast_head_json":{"title":"KONTAKTAI - SHOPLINILA","robots":{"index":"index","follow":"follow","max-snippet":"max-snippet:-1","max-image-preview":"max-image-preview:large","max-video-preview":"max-video-preview:-1"},"canonical":"https:\/\/shoplinila.com\/?page_id=237","og_locale":"lt_LT","og_type":"article","og_title":"KONTAKTAI - SHOPLINILA","og_description":"\u012emon\u0117s kodas 302599701 UAB&#8221;Linila&#8221; PVM mok\u0117tojo kodas LT100005982810 LT527300010126118035 Adresas Prie\u0161au\u0161rio g. 32Palanga 00104LITHUANIA Mobilus telefonas +37060039370 El. pa\u0161to adresas shoplinila@gmail.com SD draud\u0117jo kodas 2096112","og_url":"https:\/\/shoplinila.com\/?page_id=237","og_site_name":"SHOPLINILA","article_modified_time":"2024-10-01T15:18:55+00:00","og_image":[{"url":"https:\/\/www.swedbank.lt\/webjars\/webcomponents\/2.37.4\/assets\/images\/swedbank-logo.svg","type":"","width":"","height":""}],"twitter_card":"summary_large_image","twitter_misc":{"Est. reading time":"1 minut\u0117"},"schema":{"@context":"https:\/\/schema.org","@graph":[{"@type":"WebPage","@id":"https:\/\/shoplinila.com\/?page_id=237","url":"https:\/\/shoplinila.com\/?page_id=237","name":"KONTAKTAI - SHOPLINILA","isPartOf":{"@id":"https:\/\/shoplinila.com\/#website"},"primaryImageOfPage":{"@id":"https:\/\/shoplinila.com\/?page_id=237#primaryimage"},"image":{"@id":"https:\/\/shoplinila.com\/?page_id=237#primaryimage"},"thumbnailUrl":"https:\/\/www.swedbank.lt\/webjars\/webcomponents\/2.37.4\/assets\/images\/swedbank-logo.svg","datePublished":"2021-02-16T17:57:47+00:00","dateModified":"2024-10-01T15:18:55+00:00","breadcrumb":{"@id":"https:\/\/shoplinila.com\/?page_id=237#breadcrumb"},"inLanguage":"lt-LT","potentialAction":[{"@type":"ReadAction","target":["https:\/\/shoplinila.com\/?page_id=237"]}]},{"@type":"ImageObject","inLanguage":"lt-LT","@id":"https:\/\/shoplinila.com\/?page_id=237#primaryimage","url":"https:\/\/www.swedbank.lt\/webjars\/webcomponents\/2.37.4\/assets\/images\/swedbank-logo.svg","contentUrl":"https:\/\/www.swedbank.lt\/webjars\/webcomponents\/2.37.4\/assets\/images\/swedbank-logo.svg"},{"@type":"BreadcrumbList","@id":"https:\/\/shoplinila.com\/?page_id=237#breadcrumb","itemListElement":[{"@type":"ListItem","position":1,"name":"\u0413\u043b\u0430\u0432\u043d\u0430\u044f \u0441\u0442\u0440\u0430\u043d\u0438\u0446\u0430","item":"https:\/\/shoplinila.com\/"},{"@type":"ListItem","position":2,"name":"KONTAKTAI"}]},{"@type":"WebSite","@id":"https:\/\/shoplinila.com\/#website","url":"https:\/\/shoplinila.com\/","name":"SHOPLINILA","description":"Made in Italy...Made in France...Made in Lithuania","publisher":{"@id":"https:\/\/shoplinila.com\/#organization"},"potentialAction":[{"@type":"SearchAction","target":{"@type":"EntryPoint","urlTemplate":"https:\/\/shoplinila.com\/?s={search_term_string}"},"query-input":{"@type":"PropertyValueSpecification","valueRequired":true,"valueName":"search_term_string"}}],"inLanguage":"lt-LT"},{"@type":"Organization","@id":"https:\/\/shoplinila.com\/#organization","name":"SHOPLINILA","url":"https:\/\/shoplinila.com\/","logo":{"@type":"ImageObject","inLanguage":"lt-LT","@id":"https:\/\/shoplinila.com\/#\/schema\/logo\/image\/","url":"https:\/\/shoplinila.com\/wp-content\/uploads\/2021\/04\/cropped-\u0411\u0435\u0437\u044b\u043c\u044f\u043d\u043d\u044b\u0439-2.png","contentUrl":"https:\/\/shoplinila.com\/wp-content\/uploads\/2021\/04\/cropped-\u0411\u0435\u0437\u044b\u043c\u044f\u043d\u043d\u044b\u0439-2.png","width":240,"height":184,"caption":"SHOPLINILA"},"image":{"@id":"https:\/\/shoplinila.com\/#\/schema\/logo\/image\/"}}]}},"_links":{"self":[{"href":"https:\/\/shoplinila.com\/index.php?rest_route=\/wp\/v2\/pages\/237","targetHints":{"allow":["GET"]}}],"collection":[{"href":"https:\/\/shoplinila.com\/index.php?rest_route=\/wp\/v2\/pages"}],"about":[{"href":"https:\/\/shoplinila.com\/index.php?rest_route=\/wp\/v2\/types\/page"}],"author":[{"embeddable":true,"href":"https:\/\/shoplinila.com\/index.php?rest_route=\/wp\/v2\/users\/1"}],"replies":[{"embeddable":true,"href":"https:\/\/shoplinila.com\/index.php?rest_route=%2Fwp%2Fv2%2Fcomments&post=237"}],"version-history":[{"count":4,"href":"https:\/\/shoplinila.com\/index.php?rest_route=\/wp\/v2\/pages\/237\/revisions"}],"predecessor-version":[{"id":1279,"href":"https:\/\/shoplinila.com\/index.php?rest_route=\/wp\/v2\/pages\/237\/revisions\/1279"}],"wp:attachment":[{"href":"https:\/\/shoplinila.com\/index.php?rest_route=%2Fwp%2Fv2%2Fmedia&parent=237"}],"curies":[{"name":"wp","href":"https:\/\/api.w.org\/{rel}","templated":true}]}}